eds digit of 6701575?
5
What is the units digit of 864690?
0
What is the units digit of 21007084?
4
What is the units digit of 2152252?
2
What is the units digit of 7799839?
9
What is the thousands digit of 423916?
3
What is the hundreds digit of 1581083?
0
What is the hundreds digit of 2788037?
0
What is the thousands digit of 7903319?
3
What is the hundreds digit of 10224278?
2
What is the hundred thousands digit of 1556746?
5
What is the thousands digit of 46578?
6
What is the tens digit of 100223?
2
What is the ten thousands digit of 1542880?
4
What is the tens digit of 363119?
1
What is the hundreds digit of 2617190?
1
What is the units digit of 18302?
2
What is the hundred thousands digit of 11790179?
7
What is the millions digit of 1988601?
1
What is the hundreds digit of 61535?
5
What is the millions digit of 26452717?
6
What is the thousands digit of 325057?
5
What is the hundreds digit of 212891?
8
What is the tens digit of 14272923?
2
What is the ten thousands digit of 11257347?
5
What is the units digit of 1687569?
9
What is the ten thousands digit of 5190171?
9
What is the hundred thousands digit of 811299?
8
What is the thousands digit of 8211015?
1
What is the millions digit of 9192506?
9
What is the thousands digit of 163457?
3
What is the tens digit of 563790?
9
What is the millions digit of 2538543?
2
What is the ten thousands digit of 20250884?
5
What is the ten thousands digit of 137678?
3
What is the hundred thousands digit of 6633101?
6
What is the units digit of 698130?
0
What is the hundred thousands digit of 2385827?
3
What is the hundred thousands digit of 886836?
8
What is the ten thousands digit of 10298720?
9
What is the millions digit of 1901320?
1
What is the tens digit of 3621267?
6
What is the hundred thousands digit of 1845709?
8
What is the ten thousands digit of 19316?
1
What is the tens digit of 13732?
3
What is the thousands digit of 389519?
9
What is the hundred thousands digit of 156843?
1
What is the units digit of 53443?
3
What is the hundreds digit of 1881096?
0
What is the hundred thousands digit of 4280951?
2
What is the tens digit of 600335?
3
What is the tens digit of 889764?
6
What is the hundreds digit of 143157?
1
What is the ten thousands digit of 567661?
6
What is the tens digit of 428583?
8
What is the tens digit of 11643988?
8
What is the hundred thousands digit of 363539?
3
What is the units digit of 88887?
7
What is the ten thousands digit of 223996?
2
What is the units digit of 821626?
6
What is the units digit of 3584878?
8
What is the millions digit of 1313991?
1
What is the tens digit of 87918?
1
What is the ten millions digit of 14743351?
1
What is the ten thousands digit of 244866?
4
What is the hundreds digit of 599033?
0
What is the millions digit of 4130076?
4
What is the hundreds digit of 31889247?
2
What is the hundred thousands digit of 33936904?
9
What is the millions digit of 15987436?
5
What is the millions digit of 1352034?
1
What is the thousands digit of 1174115?
4
What is the units digit of 1835077?
7
What is the tens digit of 5237725?
2
What is the hundreds digit of 65775?
7
What is the hundred thousands digit of 4700103?
7
What is the units digit of 627142?
2
What is the tens digit of 4771843?
4
What is the hundreds digit of 1238005?
0
What is the ten thousands digit of 113515?
1
What is the ten thousands digit of 7446176?
4
What is the hundred thousands digit of 606341?
6
What is the units digit of 5239322?
2
What is the tens digit of 1422961?
6
What is the thousands digit of 66090?
6
What is the units digit of 185371?
1
What is the hundred thousands digit of 5152484?
1
What is the tens digit of 11164942?
4
What is the millions digit of 8763641?
8
What is the thousands digit of 7303466?
3
What is the thousands digit of 40714?
0
What is the units digit of 13311?
1
What is the ten thousands digit of 1008324?
0
What is the thousands digit of 10519708?
9
What is the millions digit of 19269773?
9
What is the hundred thousands digit of 945170?
9
What is the tens digit of 118667?
6
What is the tens digit of 333736?
3
What is the ten thousands digit of 3659111?
5
What is the tens digit of 392901?
0
What is the thousands digit of 5590462?
0
What is the units digit of 9070594?
4
What is the hundred thousands digit of 992965?
9
What is the thousands digit of 1109518?
9
What is the units digit of 842808?
8
What is the thousands digit of 48484?
8
What is the units digit of 11977?
7
What is the hundred thousands digit of 3363920?
3
What is the ten thousands digit of 269695?
6
What is the millions digit of 2846380?
2
What is the millions digit of 3978600?
3
What is the tens digit of 14922621?
2
What is the tens digit of 1878028?
2
What is the hundreds digit of 81333?
3
What is the units digit of 1595344?
4
What is the units digit of 9453807?
7
What is the hundred thousands digit of 102977?
1
What is the hundred thousands digit of 9421774?
4
What is the tens digit of 511696?
9
What is the units digit of 4526717?
7
What is the hundred thousands digit of 2062738?
0
What is the thousands digit of 371968?
1
What is the tens digit of 9980?
8
What is the ten thousands digit of 341530?
4
What is the millions digit of 5420732?
5
What is the thousands digit of 1235013?
5
What is the thousands digit of 917777?
7
What is the tens digit of 1148300?
0
What is the hundreds digit of 4395818?
8
What is the hundreds digit of 611264?
2
What is the units digit of 11082325?
5
What is the ten thousands digit of 160870?
6
What is the ten thousands digit of 261312?
6
What is the millions digit of 14693578?
4
What is the hundred thousands digit of 1908571?
9
What is the hundreds digit of 290339?
3
What is the ten thousands digit of 496990?
9
What is the thousands digit of 878137?
8
What is the millions digit of 5587636?
5
What is the thousands digit of 805840?
5
What is the hundreds digit of 41659?
6
What is the millions digit of 1912492?
1
What is the tens digit of 93683?
8
What is the millions digit of 1048294?
1
What is the units digit of 285965?
5
What is the millions digit of 2872138?
2
What is the tens digit of 31707511?
1
What is the thousands digit of 25729248?
9
What is the hundred thousands digit of 10613880?
6
What is the ten thousands digit of 1466813?
6
What is the tens digit of 327440?
4
What is the hundreds digit of 168986?
9
What is the millions digit of 3321415?
3
What is the hundred thousands digit of 117903?
1
What is the units digit of 1249264?
4
What is the units digit of 10177272?
2
What is the tens digit of 2158451?
5
What is the tens digit of 179479?
7
What is the ten thousands digit of 2154824?
5
What is the tens digit of 180389?
8
What is the tens digit of 9725290?
9
What is the tens digit of 199755?
5
What is the hundreds digit of 2204213?
2
What is the ten thousands digit of 3852378?
5
What is the ten thousands digit of 22083546?
8
What is the hundreds digit of 412214?
2
What is the hundred thousands digit of 109328?
1
What is the hundred thousands digit of 6200533?
2
What is the millions digit of 3034239?
3
What is the millions digit of 5262993?
5
What is the tens digit of 18129815?
1
What is the ten thousands digit of 2413886?
1
What is the units digit of 496495?
5
What is the ten thousands digit of 5530997?
3
What is the hundreds digit of 10512491?
4
What is the ten thousands digit of 997148?
9
What is the tens digit of 1577333?
3
What is the millions digit of 9194246?
9
What is the thousands digit of 214835?
4
What is the tens digit of 306101?
0
What is the hundreds digit of 72637?
6
What is the units digit of 5645776?
6
What is the tens digit of 528872?
7
What is the hundred thousands digit of 1579364?
5
What is the hundred thousands digit of 925045?
9
What is the thousands digit of 1625616?
5
What is the millions digit of 11140434?
1
What is the millions digit of 8839836?
8
What is the ten thousands digit of 4865619?
6
What is the tens digit of 11855479?
7
What is the thousands digit of 203832?
3
What is the thousands digit of 58734?
8
What is the tens digit of 2820834?
3
What is the tens digit of 366363?
6
What is the units digit of 411642?
2
What is the thousands digit of 2742999?
2
What is the tens digit of 146168?
6
What is the units digit of 279633?
3
What is the